alculate the greatest common factor of u and a.
3
Let f(l) = 19*l**2 - 10*l - 27. Let h be f(-2). What is the highest common divisor of h and 3?
3
Let w(c) = -c**3 + 13*c**2 - 39*c + 10. Let j be w(8). Suppose 0*p - 2*p + 18 = 0. Calculate the highest common factor of p and j.
9
Suppose 0 = -4*l + k - 358, -4*l - 4*k + 0*k - 348 = 0. Let t = 111 + l. Calculate the greatest common factor of t and 55.
11
Let m = -14 - -10. Let u be m/(-2) - 13*-2. Suppose 52 = 4*o - u. What is the highest common divisor of o and 5?
5
Suppose 6 = -t + 15. Suppose -7 = 4*s - 19. Suppose 4*x + 2*d = 26, -s*d - 42 = 3*x - 6*x. Calculate the greatest common factor of t and x.
9
Let m = -597 + 903. What is the greatest common divisor of m and 18?
18
Let a be (-15)/(-25) - (-2)/5. Let o be -10 - -9 - -1*a. Suppose o = -3*n - 2*n + 30. Calculate the greatest common factor of n and 18.
6
Let p = -6156 - -6170. Let s = 133 - 77. What is the greatest common factor of p and s?
14
Let y(n) = -n + 4. Let b be y(0). Let v(o) = -o**2 - 9*o + 2. Let s be v(-9). Let g be b/1 - (-4)/s. Calculate the highest common factor of g and 66.
6
Let b be (-309)/(-4) - (11 + 215/(-20)). Let v(z) = -z**3 - 5*z**2 + 5*z - 5. Let i be v(-6). Let a = 12 - i. Calculate the highest common factor of b and a.
11
Let a be -28*29/(-232)*(-1 - -3). What is the greatest common factor of a and 7?
7
Let d(k) = 3*k**2 - 22*k + 7. Let o be d(7). Suppose -5*p + 4*q + 11 = o, 2*p + 2*q - 2 = 6*q. Calculate the greatest common divisor of p and 3.
3
Let k(b) = -2*b - 3. Let y be k(6). Let d = -29 - y. Let z be 170/7 - (-4)/d. What is the highest common divisor of z and 72?
24
Let c = 11 + -9. Suppose 0 = -c*z - 2*z + 528. What is the highest common factor of z and 12?
12
Let u(l) = -8*l**3 - l**2 + l - 2. Let b be u(-2). Let q be 0 + 0 + 0 + b. Let w(k) = -7*k + 1. Let z be w(-1). What is the greatest common factor of z and q?
8
Let x(s) = 2*s**3 + 3*s**2 - s - 1. Let m be x(2). Let b be -7 - (53/(-3) + (-100)/(-150)). What is the greatest common factor of m and b?
5
Suppose 26*b + 5*i + 3420 = 31*b, -4*b - 5*i = -2736. What is the highest common factor of 12 and b?
12
Let w = 981 - 941. Calculate the highest common factor of 1620 and w.
20
Suppose -5*w + s + 37 = 0, -3*w - w - 3*s = -41. Let q be (w/10)/((-2)/(-60)). Suppose 0*u = -u + q. What is the highest common divisor of u and 8?
8
Let m be 25683/63 - 2/(-6). Calculate the highest common factor of 24 and m.
24
Suppose -12 = 4*g, 4*d - 5*d + 3*g = -237. What is the greatest common factor of 152 and d?
76
Let o be 4/(12/(-9)) + 14. Suppose -4*n - 2*p - 2*p + 4 = 0, 5*n - o = p. What is the greatest common factor of 16 and n?
2
Suppose 3*r = -3*r - 6. Let j be r - (-418 - 1/1). What is the highest common factor of j and 38?
38
Let j = 10 + -2. Suppose -w = 3*w + j. Let t(s) = -6*s + 4. Let n be t(w). Calculate the highest common factor of n and 64.
16
Let x(r) = -2*r**3 + 18*r**2 - 6*r - 16. Let k be x(8). Calculate the highest common divisor of 16 and k.
16
Let s(i) = i**2 - 3*i - 6. Let f be s(-6). Let r be (64/f)/((-2)/(-21)). What is the greatest common divisor of r and 98?
14
Let y(d) = d**3 + 5*d**2 - 3*d + 4. Let g be y(2). Suppose -14 = -5*b + 4*l, g = 5*b - 2*l + l. Calculate the greatest common divisor of b and 36.
6
Let c be ((-80)/32)/((-20)/16). Let q(t) = -2*t**3 - 2*t**2 - 4*t - 2. Let n be q(-2). What is the highest common divisor of c and n?
2
Let d(g) = 19*g**2 + g**3 - 13 - 1 + 6*g + 5 - 7*g**2. Let q be d(-9). What is the greatest common factor of 20 and q?
20
Let s(b) = b**3 - 13*b**2 + 13*b + 14. Let r be s(12). Let p = -19 + r. Calculate the greatest common factor of 63 and p.
7
Suppose -4*z + 5*w - 3 - 2 = 0, -3*w + 3 = -4*z. Suppose -2*q - 16 + 4 = z. Let f be (14/q)/(3/(-54)). Calculate the greatest common divisor of f and 14.
14
Let i be 17/15 + 6/(-45). Let s be 47/5 + 4/(-10). Calculate the highest common factor of s and i.
1
Let f = -90 + 95. Let h = 9 - 7. Let r be 7/((4/10)/h). What is the highest common factor of r and f?
5
Suppose -5*f + 138 + 78 = -3*b, 0 = 4*b + 8. Calculate the highest common factor of 78 and f.
6
Let t be ((-150)/24 - -7)/((-2)/(-48)). Suppose -250 - 218 = -t*b. What is the highest common divisor of 13 and b?
13
Let r be -1*20/(-4) - 0. Suppose -b + 3 = 8, -185 = -r*c + 4*b. Suppose -o - 4*i - 2 = -c, o - 23 = 4*i. What is the highest common divisor of o and 216?
27
Let z(h) = h**2 - 4*h + 7. Let r be z(7). Suppose 0*o = i - o - 17, 4*i + 4*o - r = 0. What is the highest common divisor of i and 3?
3
Suppose u - 3*v = 2*u - 3, 2*u - 7 = -5*v. Suppose -4*b + 6 - 26 = 0. Let d = b - -17. What is the highest common factor of u and d?
6
Let d = -1758 - -1770. Calculate the greatest common divisor of 68 and d.
4
Let u(r) = -r**2 + 14*r + 5. Let v be u(11). Let i = 57 - v. What is the highest common factor of 38 and i?
19
Let n(d) = d**3 - 3*d**2 - 49*d - 7. Let m be n(-5). What is the greatest common divisor of 38 and m?
38
Let z = 33 - 22. Let b be 132/z - (-1 + (1 - 3)). What is the highest common divisor of b and 75?
15
Let p(a) = 79*a - 229. Let y be p(4). Let j(c) = -3*c**3 - 2*c**2 + c - 2. Let d be j(-3). What is the highest common factor of y and d?
29
Suppose d - 16 = -j, -2*j - 28 = 19*d - 20*d. What is the highest common factor of d and 3?
1
Suppose -18 = 24*n - 138. Calculate the highest common factor of n and 5.
5
Suppose 4*q = 3*u + 202, q - 60 = -9*u + 5*u. What is the greatest common divisor of 767 and q?
13
Let k = -249 - -433. Calculate the highest common factor of k and 16.
8
Let m = -213 - -261. Calculate the highest common factor of m and 30.
6
Suppose 3*j - 7*a + 3*a = -3, -4*a = 2*j - 18. Suppose -2*k - 4*g = -9*g - 15, j*k + g = 14. Calculate the greatest common factor of k and 35.
5
Suppose 4*f - 4*s - 24 = 0, 4*f - 3*s - 6 = 15. Suppose 4*k + f*w = k + 744, w - 1256 = -5*k. Calculate the highest common factor of 36 and k.
36
Let v be (0 + 3)*(-10 - -3). Let o be (-2)/(-14) + (-1257)/v. Let d = 9 - 3. Calculate the greatest common divisor of d and o.
6
Let v be 14/(-63) + 69*(-8)/(-54). Calculate the highest common divisor of v and 250.
10
Suppose 4*m - 11 = -3*a + 2*a, -5*m = -a - 7. Suppose -2*z + 2*y = m*z - 570, -5*y - 417 = -3*z. Calculate the greatest common divisor of z and 18.
18
Let s be (1311/(-228))/((-2)/8). Calculate the greatest common factor of 1541 and s.
23
Let m(d) = -d**3 + 9*d**2 - 7*d - 1. Let q be m(6). Suppose 0 = -9*x + 6*x + 225. Suppose x = -8*p + 283. Calculate the highest common factor of p and q.
13
Suppose 0 = 3*b - 7*b. Suppose -60 = -5*j - b. Calculate the highest common factor of j and 36.
12
Let s(o) = o + 4. Suppose -2*w = -w + 6. Let x be s(w). Let r be 4 + x + 16 - 2. What is the greatest common factor of 24 and r?
8
Suppose 4*h = 2*a + 96, -5*h + a + 108 = -12. Suppose y - 42 = -x, 2*y + y = 3*x + 126. Let l = y - h. What is the highest common divisor of 12 and l?
6
Suppose -20*q = -15*q - 260. Let h = -49 + q. Let v be 5 + 8/(-2 - 2). What is the greatest common divisor of h and v?
3
Suppose 47 = 5*a - 3*r, 2*r = 5*a + 6*r - 54. Let s be -1 + (-3)/(-4 - -1). Let y = 5 - s. What is the highest common divisor of a and y?
5
Suppose -23 = x - 25. Suppose -3*l + 69 = -x*c + 15, 5*c = l - 18. Calculate the greatest common divisor of l and 9.
9
Let x(k) = -16*k + 1098. Let n be x(67). Calculate the highest common divisor of n and 494.
26
Suppose m + 3*m = 120. Let y = 60 - m. Suppose 3*w + 55 = 4*o, 0*o - 2*o + 2*w + y = 0. Calculate the highest common divisor of 5 and o.
5
Let s = -48 - 4. Let t be (-9160)/s - 2/13. Calculate the greatest common factor of t and 22.
22
Let b(t) = -t**3 + 17*t**2 - 13*t - 44. Let u be b(16). What is the highest common factor of 128 and u?
4
Let j be (-232)/(-12) - -5*(-9)/(-27). Calculate the greatest common divisor of 203 and j.
7
Suppose 0 = -4*q - 0*q + 160. Suppose a - 2*h = -a - q, h = 0. Let i be (53 + -1)*(-55)/a. What is the highest common factor of 13 and i?
13
Suppose 0 = -2*d + 4*v + 20, 6*d - 5*v - 31 = 3*d. What is the highest common divisor of d and 52?
4
Let l be (26*-12)/(-2) - 6. What is the highest common factor of 100 and l?
50
Suppose 5*k - 53 = 467. Let x be (-2184)/(-72) - 1/3. Suppose -56 = -2*